{"id":216,"date":"2021-09-05T13:17:29","date_gmt":"2021-09-05T13:17:29","guid":{"rendered":"https:\/\/www.samoobrona-warszawa.pl\/?page_id=216"},"modified":"2025-04-09T13:43:56","modified_gmt":"2025-04-09T13:43:56","slug":"galeria","status":"publish","type":"page","link":"https:\/\/www.samoobrona-warszawa.pl\/index.php\/galeria\/","title":{"rendered":"GALERIA"},"content":{"rendered":"\n<p class=\"wp-block-paragraph\">Galeria zdj\u0119\u0107 z naszych trening\u00f3w i event\u00f3w &#8211; zobacz, jak dzia\u0142amy! <\/p>\n\n\n\n<p class=\"wp-block-paragraph\"><strong>Treningi i zaj\u0119cia grupowe:<\/strong><\/p>\n\n\n\n<div class=\"wp-block-group\"><div class=\"wp-block-group__inner-container is-layout-flow wp-block-group-is-layout-flow\">\nngg_shortcode_0_placeholder\n\n\n\n<p class=\"wp-block-paragraph\"><strong><a href=\"https:\/\/www.samoobrona-warszawa.pl\/index.php\/atrakcje-na-eventy-warszawa\/\" target=\"_blank\" rel=\"noreferrer noopener\">Warsztaty <\/a>oraz eventy dla firm i instytucji:<\/strong><\/p>\n<\/div><\/div>\n\n\n\n<div class=\"wp-block-columns is-layout-flex wp-container-core-columns-is-layout-8f761849 wp-block-columns-is-layout-flex\">\n<div class=\"wp-block-column is-layout-flow wp-block-column-is-layout-flow\" style=\"flex-basis:100%\">\n<div class=\"wp-block-columns is-layout-flex wp-container-core-columns-is-layout-8f761849 wp-block-columns-is-layout-flex\">\n<div class=\"wp-block-column is-layout-flow wp-block-column-is-layout-flow\" style=\"flex-basis:100%\">\n<div class=\"wp-block-group\"><div class=\"wp-block-group__inner-container is-layout-flow wp-block-group-is-layout-flow\">\n<div class=\"wp-block-columns is-layout-flex wp-container-core-columns-is-layout-8f761849 wp-block-columns-is-layout-flex\">\n<div class=\"wp-block-column is-layout-flow wp-block-column-is-layout-flow\" style=\"flex-basis:100%\">\n<div class=\"wp-block-group\"><div class=\"wp-block-group__inner-container is-layout-flow wp-block-group-is-layout-flow\">\nngg_shortcode_1_placeholder\n<\/div><\/div>\n<\/div>\n<\/div>\n<\/div><\/div>\n<\/div>\n<\/div>\n\n\n\n<p class=\"wp-block-paragraph\"><strong>Warsztaty samoobrony dla szk\u00f3\u0142:<\/strong><\/p>\n\n\n\nngg_shortcode_2_placeholder\n<\/div>\n<\/div>\n\n\n\n<p class=\"wp-block-paragraph\"><strong>Referencje od naszych Partner\u00f3w:<\/strong><\/p>\n\n\n\nngg_shortcode_3_placeholder\n","protected":false},"excerpt":{"rendered":"<p>Galeria zdj\u0119\u0107 z naszych trening\u00f3w i event\u00f3w &#8211; zobacz, jak dzia\u0142amy! Treningi i zaj\u0119cia grupowe: Warsztaty oraz eventy dla firm i instytucji: Warsztaty samoobrony dla szk\u00f3\u0142: Referencje od naszych Partner\u00f3w:<\/p>\n","protected":false},"author":1,"featured_media":0,"parent":0,"menu_order":0,"comment_status":"closed","ping_status":"closed","template":"","meta":{"_monsterinsights_skip_tracking":false,"ngg_post_thumbnail":0,"footnotes":""},"class_list":["post-216","page","type-page","status-publish","hentry"],"yoast_head":"<!-- This site is optimized with the Yoast SEO plugin v28.3 - https:\/\/yoast.com\/product\/yoast-seo-wordpress\/ -->\n<title>GALERIA - Samoobrona Warszawa<\/title>\n<meta name=\"robots\" content=\"index, follow, max-snippet:-1, max-image-preview:large, max-video-preview:-1\" \/>\n<link rel=\"canonical\" href=\"https:\/\/www.samoobrona-warszawa.pl\/index.php\/galeria\/\" \/>\n<meta property=\"og:locale\" content=\"pl_PL\" \/>\n<meta property=\"og:type\" content=\"article\" \/>\n<meta property=\"og:title\" content=\"GALERIA - Samoobrona Warszawa\" \/>\n<meta property=\"og:description\" content=\"Galeria zdj\u0119\u0107 z naszych trening\u00f3w i event\u00f3w &#8211; zobacz, jak dzia\u0142amy! Treningi i zaj\u0119cia grupowe: Warsztaty oraz eventy dla firm i instytucji: Warsztaty samoobrony dla szk\u00f3\u0142: Referencje od naszych Partner\u00f3w:\" \/>\n<meta property=\"og:url\" content=\"https:\/\/www.samoobrona-warszawa.pl\/index.php\/galeria\/\" \/>\n<meta property=\"og:site_name\" content=\"Samoobrona Warszawa\" \/>\n<meta property=\"article:modified_time\" content=\"2025-04-09T13:43:56+00:00\" \/>\n<meta name=\"twitter:card\" content=\"summary_large_image\" \/>\n<meta name=\"twitter:label1\" content=\"Szacowany czas czytania\" \/>\n\t<meta name=\"twitter:data1\" content=\"1 minuta\" \/>\n<script type=\"application\/ld+json\" class=\"yoast-schema-graph\">{\"@context\":\"https:\\\/\\\/schema.org\",\"@graph\":[{\"@type\":\"WebPage\",\"@id\":\"https:\\\/\\\/www.samoobrona-warszawa.pl\\\/index.php\\\/galeria\\\/\",\"url\":\"https:\\\/\\\/www.samoobrona-warszawa.pl\\\/index.php\\\/galeria\\\/\",\"name\":\"GALERIA - Samoobrona Warszawa\",\"isPartOf\":{\"@id\":\"https:\\\/\\\/www.samoobrona-warszawa.pl\\\/#website\"},\"datePublished\":\"2021-09-05T13:17:29+00:00\",\"dateModified\":\"2025-04-09T13:43:56+00:00\",\"breadcrumb\":{\"@id\":\"https:\\\/\\\/www.samoobrona-warszawa.pl\\\/index.php\\\/galeria\\\/#breadcrumb\"},\"inLanguage\":\"pl-PL\",\"potentialAction\":[{\"@type\":\"ReadAction\",\"target\":[\"https:\\\/\\\/www.samoobrona-warszawa.pl\\\/index.php\\\/galeria\\\/\"]}]},{\"@type\":\"BreadcrumbList\",\"@id\":\"https:\\\/\\\/www.samoobrona-warszawa.pl\\\/index.php\\\/galeria\\\/#breadcrumb\",\"itemListElement\":[{\"@type\":\"ListItem\",\"position\":1,\"name\":\"Strona g\u0142\u00f3wna\",\"item\":\"https:\\\/\\\/www.samoobrona-warszawa.pl\\\/\"},{\"@type\":\"ListItem\",\"position\":2,\"name\":\"GALERIA\"}]},{\"@type\":\"WebSite\",\"@id\":\"https:\\\/\\\/www.samoobrona-warszawa.pl\\\/#website\",\"url\":\"https:\\\/\\\/www.samoobrona-warszawa.pl\\\/\",\"name\":\"Samoobrona Warszawa\",\"description\":\"Masz prawo czu\u0107 si\u0119 bezpiecznie!\",\"publisher\":{\"@id\":\"https:\\\/\\\/www.samoobrona-warszawa.pl\\\/#organization\"},\"potentialAction\":[{\"@type\":\"SearchAction\",\"target\":{\"@type\":\"EntryPoint\",\"urlTemplate\":\"https:\\\/\\\/www.samoobrona-warszawa.pl\\\/?s={search_term_string}\"},\"query-input\":{\"@type\":\"PropertyValueSpecification\",\"valueRequired\":true,\"valueName\":\"search_term_string\"}}],\"inLanguage\":\"pl-PL\"},{\"@type\":\"Organization\",\"@id\":\"https:\\\/\\\/www.samoobrona-warszawa.pl\\\/#organization\",\"name\":\"Samoobrona Warszawa\",\"url\":\"https:\\\/\\\/www.samoobrona-warszawa.pl\\\/\",\"logo\":{\"@type\":\"ImageObject\",\"inLanguage\":\"pl-PL\",\"@id\":\"https:\\\/\\\/www.samoobrona-warszawa.pl\\\/#\\\/schema\\\/logo\\\/image\\\/\",\"url\":\"https:\\\/\\\/www.samoobrona-warszawa.pl\\\/wp-content\\\/uploads\\\/2021\\\/06\\\/cropped-LOGO-SAMOOBRONA-WARSZAWA.jpg\",\"contentUrl\":\"https:\\\/\\\/www.samoobrona-warszawa.pl\\\/wp-content\\\/uploads\\\/2021\\\/06\\\/cropped-LOGO-SAMOOBRONA-WARSZAWA.jpg\",\"width\":512,\"height\":512,\"caption\":\"Samoobrona Warszawa\"},\"image\":{\"@id\":\"https:\\\/\\\/www.samoobrona-warszawa.pl\\\/#\\\/schema\\\/logo\\\/image\\\/\"}}]}<\/script>\n<!-- \/ Yoast SEO plugin. -->","yoast_head_json":{"title":"GALERIA - Samoobrona Warszawa","robots":{"index":"index","follow":"follow","max-snippet":"max-snippet:-1","max-image-preview":"max-image-preview:large","max-video-preview":"max-video-preview:-1"},"canonical":"https:\/\/www.samoobrona-warszawa.pl\/index.php\/galeria\/","og_locale":"pl_PL","og_type":"article","og_title":"GALERIA - Samoobrona Warszawa","og_description":"Galeria zdj\u0119\u0107 z naszych trening\u00f3w i event\u00f3w &#8211; zobacz, jak dzia\u0142amy! Treningi i zaj\u0119cia grupowe: Warsztaty oraz eventy dla firm i instytucji: Warsztaty samoobrony dla szk\u00f3\u0142: Referencje od naszych Partner\u00f3w:","og_url":"https:\/\/www.samoobrona-warszawa.pl\/index.php\/galeria\/","og_site_name":"Samoobrona Warszawa","article_modified_time":"2025-04-09T13:43:56+00:00","twitter_card":"summary_large_image","twitter_misc":{"Szacowany czas czytania":"1 minuta"},"schema":{"@context":"https:\/\/schema.org","@graph":[{"@type":"WebPage","@id":"https:\/\/www.samoobrona-warszawa.pl\/index.php\/galeria\/","url":"https:\/\/www.samoobrona-warszawa.pl\/index.php\/galeria\/","name":"GALERIA - Samoobrona Warszawa","isPartOf":{"@id":"https:\/\/www.samoobrona-warszawa.pl\/#website"},"datePublished":"2021-09-05T13:17:29+00:00","dateModified":"2025-04-09T13:43:56+00:00","breadcrumb":{"@id":"https:\/\/www.samoobrona-warszawa.pl\/index.php\/galeria\/#breadcrumb"},"inLanguage":"pl-PL","potentialAction":[{"@type":"ReadAction","target":["https:\/\/www.samoobrona-warszawa.pl\/index.php\/galeria\/"]}]},{"@type":"BreadcrumbList","@id":"https:\/\/www.samoobrona-warszawa.pl\/index.php\/galeria\/#breadcrumb","itemListElement":[{"@type":"ListItem","position":1,"name":"Strona g\u0142\u00f3wna","item":"https:\/\/www.samoobrona-warszawa.pl\/"},{"@type":"ListItem","position":2,"name":"GALERIA"}]},{"@type":"WebSite","@id":"https:\/\/www.samoobrona-warszawa.pl\/#website","url":"https:\/\/www.samoobrona-warszawa.pl\/","name":"Samoobrona Warszawa","description":"Masz prawo czu\u0107 si\u0119 bezpiecznie!","publisher":{"@id":"https:\/\/www.samoobrona-warszawa.pl\/#organization"},"potentialAction":[{"@type":"SearchAction","target":{"@type":"EntryPoint","urlTemplate":"https:\/\/www.samoobrona-warszawa.pl\/?s={search_term_string}"},"query-input":{"@type":"PropertyValueSpecification","valueRequired":true,"valueName":"search_term_string"}}],"inLanguage":"pl-PL"},{"@type":"Organization","@id":"https:\/\/www.samoobrona-warszawa.pl\/#organization","name":"Samoobrona Warszawa","url":"https:\/\/www.samoobrona-warszawa.pl\/","logo":{"@type":"ImageObject","inLanguage":"pl-PL","@id":"https:\/\/www.samoobrona-warszawa.pl\/#\/schema\/logo\/image\/","url":"https:\/\/www.samoobrona-warszawa.pl\/wp-content\/uploads\/2021\/06\/cropped-LOGO-SAMOOBRONA-WARSZAWA.jpg","contentUrl":"https:\/\/www.samoobrona-warszawa.pl\/wp-content\/uploads\/2021\/06\/cropped-LOGO-SAMOOBRONA-WARSZAWA.jpg","width":512,"height":512,"caption":"Samoobrona Warszawa"},"image":{"@id":"https:\/\/www.samoobrona-warszawa.pl\/#\/schema\/logo\/image\/"}}]}},"_links":{"self":[{"href":"https:\/\/www.samoobrona-warszawa.pl\/index.php\/wp-json\/wp\/v2\/pages\/216","targetHints":{"allow":["GET"]}}],"collection":[{"href":"https:\/\/www.samoobrona-warszawa.pl\/index.php\/wp-json\/wp\/v2\/pages"}],"about":[{"href":"https:\/\/www.samoobrona-warszawa.pl\/index.php\/wp-json\/wp\/v2\/types\/page"}],"author":[{"embeddable":true,"href":"https:\/\/www.samoobrona-warszawa.pl\/index.php\/wp-json\/wp\/v2\/users\/1"}],"replies":[{"embeddable":true,"href":"https:\/\/www.samoobrona-warszawa.pl\/index.php\/wp-json\/wp\/v2\/comments?post=216"}],"version-history":[{"count":13,"href":"https:\/\/www.samoobrona-warszawa.pl\/index.php\/wp-json\/wp\/v2\/pages\/216\/revisions"}],"predecessor-version":[{"id":671,"href":"https:\/\/www.samoobrona-warszawa.pl\/index.php\/wp-json\/wp\/v2\/pages\/216\/revisions\/671"}],"wp:attachment":[{"href":"https:\/\/www.samoobrona-warszawa.pl\/index.php\/wp-json\/wp\/v2\/media?parent=216"}],"curies":[{"name":"wp","href":"https:\/\/api.w.org\/{rel}","templated":true}]}}

<p class="wp-block-paragraph">Galeria zdjęć z naszych treningów i eventów &#8211; zobacz, jak działamy! </p>



<p class="wp-block-paragraph"><strong>Treningi i zajęcia grupowe:</strong></p>



<div class="wp-block-group"><div class="wp-block-group__inner-container is-layout-flow wp-block-group-is-layout-flow">
ngg_shortcode_0_placeholder



<p class="wp-block-paragraph"><strong><a href="https://www.samoobrona-warszawa.pl/index.php/atrakcje-na-eventy-warszawa/" target="_blank" rel="noreferrer noopener">Warsztaty </a>oraz eventy dla firm i instytucji:</strong></p>
</div></div>



<div class="wp-block-columns is-layout-flex wp-container-core-columns-is-layout-8f761849 wp-block-columns-is-layout-flex">
<div class="wp-block-column is-layout-flow wp-block-column-is-layout-flow" style="flex-basis:100%">
<div class="wp-block-columns is-layout-flex wp-container-core-columns-is-layout-8f761849 wp-block-columns-is-layout-flex">
<div class="wp-block-column is-layout-flow wp-block-column-is-layout-flow" style="flex-basis:100%">
<div class="wp-block-group"><div class="wp-block-group__inner-container is-layout-flow wp-block-group-is-layout-flow">
<div class="wp-block-columns is-layout-flex wp-container-core-columns-is-layout-8f761849 wp-block-columns-is-layout-flex">
<div class="wp-block-column is-layout-flow wp-block-column-is-layout-flow" style="flex-basis:100%">
<div class="wp-block-group"><div class="wp-block-group__inner-container is-layout-flow wp-block-group-is-layout-flow">
ngg_shortcode_1_placeholder
</div></div>
</div>
</div>
</div></div>
</div>
</div>



<p class="wp-block-paragraph"><strong>Warsztaty samoobrony dla szkół:</strong></p>



ngg_shortcode_2_placeholder
</div>
</div>



<p class="wp-block-paragraph"><strong>Referencje od naszych Partnerów:</strong></p>



ngg_shortcode_3_placeholder

<p>Galeria zdjęć z naszych treningów i eventów &#8211; zobacz, jak działamy! Treningi i zajęcia grupowe: Warsztaty oraz eventy dla firm i instytucji: Warsztaty samoobrony dla szkół: Referencje od naszych Partnerów:</p>

<!-- This site is optimized with the Yoast SEO plugin v28.3 - https://yoast.com/product/yoast-seo-wordpress/ -->
<title>GALERIA - Samoobrona Warszawa</title>
<meta name="robots" content="index, follow, max-snippet:-1, max-image-preview:large, max-video-preview:-1" />
<link rel="canonical" href="https://www.samoobrona-warszawa.pl/index.php/galeria/" />
<meta property="og:locale" content="pl_PL" />
<meta property="og:type" content="article" />
<meta property="og:title" content="GALERIA - Samoobrona Warszawa" />
<meta property="og:description" content="Galeria zdjęć z naszych treningów i eventów &#8211; zobacz, jak działamy! Treningi i zajęcia grupowe: Warsztaty oraz eventy dla firm i instytucji: Warsztaty samoobrony dla szkół: Referencje od naszych Partnerów:" />
<meta property="og:url" content="https://www.samoobrona-warszawa.pl/index.php/galeria/" />
<meta property="og:site_name" content="Samoobrona Warszawa" />
<meta property="article:modified_time" content="2025-04-09T13:43:56+00:00" />
<meta name="twitter:card" content="summary_large_image" />
<meta name="twitter:label1" content="Szacowany czas czytania" />
	<meta name="twitter:data1" content="1 minuta" />
<script type="application/ld+json" class="yoast-schema-graph">{"@context":"https:\/\/schema.org","@graph":[{"@type":"WebPage","@id":"https:\/\/www.samoobrona-warszawa.pl\/index.php\/galeria\/","url":"https:\/\/www.samoobrona-warszawa.pl\/index.php\/galeria\/","name":"GALERIA - Samoobrona Warszawa","isPartOf":{"@id":"https:\/\/www.samoobrona-warszawa.pl\/#website"},"datePublished":"2021-09-05T13:17:29+00:00","dateModified":"2025-04-09T13:43:56+00:00","breadcrumb":{"@id":"https:\/\/www.samoobrona-warszawa.pl\/index.php\/galeria\/#breadcrumb"},"inLanguage":"pl-PL","potentialAction":[{"@type":"ReadAction","target":["https:\/\/www.samoobrona-warszawa.pl\/index.php\/galeria\/"]}]},{"@type":"BreadcrumbList","@id":"https:\/\/www.samoobrona-warszawa.pl\/index.php\/galeria\/#breadcrumb","itemListElement":[{"@type":"ListItem","position":1,"name":"Strona główna","item":"https:\/\/www.samoobrona-warszawa.pl\/"},{"@type":"ListItem","position":2,"name":"GALERIA"}]},{"@type":"WebSite","@id":"https:\/\/www.samoobrona-warszawa.pl\/#website","url":"https:\/\/www.samoobrona-warszawa.pl\/","name":"Samoobrona Warszawa","description":"Masz prawo czuć się bezpiecznie!","publisher":{"@id":"https:\/\/www.samoobrona-warszawa.pl\/#organization"},"potentialAction":[{"@type":"SearchAction","target":{"@type":"EntryPoint","urlTemplate":"https:\/\/www.samoobrona-warszawa.pl\/?s={search_term_string}"},"query-input":{"@type":"PropertyValueSpecification","valueRequired":true,"valueName":"search_term_string"}}],"inLanguage":"pl-PL"},{"@type":"Organization","@id":"https:\/\/www.samoobrona-warszawa.pl\/#organization","name":"Samoobrona Warszawa","url":"https:\/\/www.samoobrona-warszawa.pl\/","logo":{"@type":"ImageObject","inLanguage":"pl-PL","@id":"https:\/\/www.samoobrona-warszawa.pl\/#\/schema\/logo\/image\/","url":"https:\/\/www.samoobrona-warszawa.pl\/wp-content\/uploads\/2021\/06\/cropped-LOGO-SAMOOBRONA-WARSZAWA.jpg","contentUrl":"https:\/\/www.samoobrona-warszawa.pl\/wp-content\/uploads\/2021\/06\/cropped-LOGO-SAMOOBRONA-WARSZAWA.jpg","width":512,"height":512,"caption":"Samoobrona Warszawa"},"image":{"@id":"https:\/\/www.samoobrona-warszawa.pl\/#\/schema\/logo\/image\/"}}]}</script>
<!-- / Yoast SEO plugin. -->

Galeria zdjęć z naszych treningów i eventów &#8211; zobacz, jak działamy! Treningi i zajęcia grupowe: Warsztaty oraz eventy dla firm i instytucji: Warsztaty samoobrony dla szkół: Referencje od naszych Partnerów:

Strona główna

Masz prawo czuć się bezpiecznie!
